*v(b) - 2*j(b). Give q(-4).
-28
Let x(j) = -j**2 - 4*j - 1. Let r(h) = h + 17. Let n be r(-16). Suppose -n = 12*z - 37. Calculate x(z).
-22
Let f(c) = 2*c**2 - 6*c - 6. Let y(j) = 5*j + 5. Suppose -11*g + 27 = -2*g. Let w(m) = g*f(m) + 4*y(m). Let q be (-3 + 3 - 2) + 0. Determine w(q).
22
Let w(r) = r**2 - 7*r + 4. Let k be w(8). Suppose -15*o + 15 = -k*o. Suppose 0 = 3*t - l, -3*t - l - 1 = o. Let d(u) = 16*u - 1. What is d(t)?
-17
Let l(p) = p**3 + 3*p**2 + 2*p - 2. Let d be (-1)/4*(-5 + (2 - 1)). Suppose 4*y - 3*q = -10, -2*y - 4*q = 15 + d. Give l(y).
-26
Let w(g) = -g**2 - 8*g. Suppose -4*r + 80 = 16*r. Let b be (-44)/6 - r/(-12). Calculate w(b).
7
Let i be (1182/1773)/(64/33 - 2). Let o(q) = -8*q - 34. Determine o(i).
54
Let m(u) = u**3 + 112*u - 1. Let n be m(0). Let r(b) = b**2 + 2*b. Give r(n).
-1
Let o(q) = -3*q**3 + 7*q**2 - 3*q + 35. Let c(h) = -4*h**3 + 11*h**2 - 5*h + 56. Let t(s) = 5*c(s) - 8*o(s). Calculate t(-1).
-4
Let c(m) = 9*m + 30. Let s(l) = l**3 + 9*l**2 - 22*l - 5. Let w be s(-11). Calculate c(w).
-15
Let f(t) = -144 + 2*t - 3*t + 3*t - 7*t + 163. Let h be (12/(-8))/((-1)/(-10)*-3). Determine f(h).
-6
Let j(k) = 5 - 5*k + 1 - 1. Let g be (-96)/(-240) - 8/(-5). Calculate j(g).
-5
Let n(w) = 3*w**3 + w**2 - 1. Let y be (-24)/108*-27 - 7. Calculate n(y).
-3
Let t(n) = -n**3 - n**2 + 3*n + 3. Let w be 20/30*(-249)/2. Let g = w + 79. Let m be (g/(-10))/(3 + 96/(-30)). What is t(m)?
1
Let z(l) = 4*l + 5*l + 12*l - 108 + 226. What is z(-6)?
-8
Let v(i) = i**3 + 6*i**2 + 2*i - 3. Let a(b) = b**2 + b + 1. Let w(p) = 6*a(p) + v(p). Let t(g) = -g**2 - 19*g - 95. Let s be t(-7). Calculate w(s).
36
Let s(p) = -10*p + 11*p + 3*p**2 - 2*p**2 - 5. Let q be s(0). Let h(l) be the second derivative of l**5/20 + l**4/3 - l**3/2 + 5*l**2/2 - 17*l. Determine h(q).
-5
Let x be (6 - 3 - 2)*5/(-1). Let l(m) = -m - 6. Let u(f) = -2*f - 15. Let i(t) = 7*l(t) - 3*u(t). Give i(x).
8
Let z(i) be the second derivative of -i**5/10 - 25*i**4/12 + 3*i**3/2 - 29*i**2/2 - 6*i + 205. Give z(-13).
23
Let c(g) = 3*g + 76. Let m = 2142 + -2166. What is c(m)?
4
Suppose 0 = 18*d - 45*d + 100*d + 730. Let f(o) = -7*o + 13*o + o**2 + 4*o - 6. Determine f(d).
-6
Let w(h) = -h - 8. Let o be w(-6). Let p be (0 - (o + -4)) + -1. Let s(m) be the first derivative of -3*m**2/2 + 4*m - 2512. Give s(p).
-11
Let n(h) = -59*h - 5423. Let q be n(-92). Let z(g) = g**3 - 6*g**2 + 11*g + 4. Determine z(q).
34
Let i(l) be the third derivative of -l**6/720 - l**5/40 + l**4/6 - l**3/2 - 60*l**2. Let v(o) be the second derivative of i(o). What is v(-4)?
1
Let v = 25 - -6. Let n(l) = 67*l + 7 - 30*l + l**2 - v*l. Suppose 2*f - 2*z = -12, 2*f + 22 = -2*f + 2*z. What is n(f)?
2
Let g(y) = -5455665 - 14*y**2 + 5455652 - 96*y - y**3 + 34*y**2. Determine g(12).
-13
Let s be (15 - 18)*(-84)/36. Let r(v) = -v**3 + 6*v**2 - 3*v - 3. Give r(s).
-73
Let o(i) = -464813*i**2 - 1 + 12*i + 26 + 464814*i**2. Calculate o(-8).
-7
Let o(s) be the second derivative of 0*s**4 + 0 - 1/2*s**3 + s + 1/60*s**5 + 5*s**2. Let q(h) be the first derivative of o(h). Determine q(-3).
6
Let f(a) = a**2 - 8*a - 1. Let w(h) = h**3 + 11*h**2 - 12*h + 5. Let c = -56 - -78. Suppose -122 = 12*q + c. Let m be w(q). What is f(m)?
-16
Let y(d) = -20*d**3 - 23*d**2 + 45*d + 9. Let l(s) = 7*s**3 + 8*s**2 - 16*s - 3. Let p(g) = -17*l(g) - 6*y(g). What is p(-4)?
-43
Let f(o) = -o**2 + 12*o - 8 + 6 - 2 + 1. Let r(t) = t**3 + 6*t**2 + 2*t - 13. Let n be r(-4). Determine f(n).
8
Let z be (11 - -4)*(28/3)/(-14). Let y(v) = -v**2 - 12*v - 11. What is y(z)?
9
Let d(c) = -3*c**3 + 9*c**2 - 11*c - 8. Let z(u) = -2*u**3 + 8*u**2 - 10*u - 7. Let w(g) = 3*d(g) - 4*z(g). Determine w(-6).
-2
Let k(v) = -v**3 + 47*v**2 - 4*v + 202. Let c be k(47). Let h(w) = -w**2 + 10*w - 31. Determine h(c).
-87
Let s(x) = -214 - 69 + 59 + 17*x - 221. Give s(26).
-3
Let y(m) = m**3 - m**2 - m. Let w be 0 + (-6)/15 + ((-117)/45 - -3). What is y(w)?
0
Suppose 76*j + 836 = 57*j. Let z be (2/5)/(j/(-770)). Let n(b) = 2*b**2 - 11*b + 9. Give n(z).
30
Let b(q) = q**2 + 9*q + 22. Suppose 0 = -c - 2*g - 8 - 11, 0 = 5*c + 3*g + 53. What is b(c)?
8
Let f(g) = -g**3 - g**2 - g - 8. Suppose -51 = -5*h + 3*w, -5*w + 26 = 4*h - 0*h. Suppose 47*q + h = 48*q. Suppose 2*y + y = -q*y. Give f(y).
-8
Let f(o) = 76*o - 29*o - 26*o - 22*o - 7 + 14. What is f(3)?
4
Let v be -5 + 136/12 + (-4)/12. Suppose -q - m = 2 - v, q + 3*m = 2. Let l(c) = -2*c - 3. Let p(u) = 3*u + 5. Let k(s) = 5*l(s) + 3*p(s). Give k(q).
-5
Let m(w) = -128*w + 505. Let y be m(4). Let z(q) = -q**3 - 7*q**2 - 3*q + 7. Determine z(y).
28
Let q(l) = -l + 8. Let w be -3 + (-63)/1 + 6. Let h be (-10)/w - 462/(-36). Give q(h).
-5
Let v = 5271 + -5278. Let x(k) = -11*k - 86. What is x(v)?
-9
Let u be (3 - 0)/12*10*(-32)/80. Let o(c) = 4*c**3 + 7*c**2 - 2. Determine o(u).
1
Let h(k) = -35 + k + 40*k + 64 - 29. Determine h(1).
41
Let x = -47 - -44. Let r(m) = m - 1. Let y(i) = -1. Let o be -3*(-2 - -5 - 4). Let u(q) = o*r(q) - 5*y(q). What is u(x)?
-7
Let z = 575 - 590. Let u(l) = -6*l - 86. Determine u(z).
4
Let s(f) = -2*f**3 - 16*f**2 - f - 3. Let x(m) = -m**2 - 99*m - 2078. Let v be x(-30). Calculate s(v).
5
Suppose -7*z + 19 - 5 = 0. Let k(h) = 0*h**2 + 0*h**2 + z*h**2 - h**2 + h. Determine k(-4).
12
Let j(q) be the second derivative of -q**4/12 - q**3/3 - 3*q**2/2 - q. Let i(b) = -1658*b - 3313. Let u be i(-2). Determine j(u).
-18
Let x(s) = s**3 + 7*s**2 + s + 17. Let c(u) = -2*u**3 + 28*u**2 + 39*u - 142. Let j be c(15). What is x(j)?
10
Let w = -179 + 187. Suppose 3*a = -a + w. Let b(m) = -m. Give b(a).
-2
Let d(y) = -y**3 + y**2 + 6*y - 59. Let r be (1/4*0)/(-1 + (-3 - -6)). Give d(r).
-59
Suppose o - 6*o + 265 = 0. Let k = o - 43. Let x be (15/k)/(1/(-2)). Let b(z) = z**3 + 4*z**2 + z - 1. Give b(x).
5
Let q(w) = 4*w - 20. Let o be q(6). Let f(g) = -o*g - 2 - g - 4*g + 8*g. What is f(7)?
-9
Let w(j) = 1978*j + 1981*j - 5948*j - 34 + 1984*j. Calculate w(-6).
-4
Suppose 11 - 85 = -24*o + 22. Let r(k) = -k**3 + 4*k**2 - 2*k + 12. Give r(o).
4
Let c(m) = 103*m + 7748. Let x be c(-75). Let o(z) = z**3 - 25*z**2 + 44*z + 46. Determine o(x).
0
Let f(r) be the second derivative of -r**5/20 - 11*r**4/12 - 3*r**3/2 + 3*r**2 + 1202*r + 1. What is f(-9)?
-75
Let x(w) be the first derivative of -1/2*w**2 + 16 + 2*w. Determine x(8).
-6
Let x(m) = 50*m + 54. Let v(i) = 4*i + 4. Let u(s) = 17*v(s) - x(s). Give u(-5).
-76
Let p(n) = 11*n + 4 + 43*n - 121*n**2 + 61*n**2 - 155 + 59*n**2. Calculate p(51).
2
Let x(d) = -d**3 + 13*d**2 + 10*d + 58. Let m be x(14). Let b = -5 + 9. Let o(g) = 2*g - 70*g**2 + 71*g**m + 3*g + 3 - b*g. Give o(-4).
15
Suppose -13*a + 24*a = 25 + 41. Let r(d) = d**3 - 6*d**2 + 9*d. Let m be r(4). Let c(w) = -m*w + 19 - w + w**2 - 10. Give c(a).
15
Let w(j) be the second derivative of j**3/3 - 20*j**2 - 2*j - 3. Let g be w(19). Let u(x) = 5*x + 3. Calculate u(g).
-7
Let j(g) be the third derivative of g**4/12 - 16*g**3/3 - 7*g**2 - 195*g. Determine j(9).
-14
Suppose b + 4*s + 9 = 0, 4*b + 3*s = 5*b - 12. Let k(f) = -21*f + 22*f + 2*f**b - 1 + 3 - 4*f**2 + 0. Give k(3).
23
Let g(z) = 23*z**2 + 15*z + 8. Let v(m) = 5*m**2 + 4*m + 2. Let q(t) = -2*g(t) + 9*v(t). Let i = 15 - 9. Suppose -x = -0*x - i. Determine q(x).
2
Let w(a) = 35*a**2 - 11*a + 336. Let h(v) = -96*v**2 + 31*v - 1010. Let s(l) = -4*h(l) - 11*w(l). Determine s(-20).
4
Let d(u) be the third derivative of 19*u**4/12 - 3*u**3/2 + 1113*u**2. Give d(-2).
-85
Let k(r) = -r**3 - 2*r**2 + 3*r - 1. Let t = 31 + -26. Suppose 2*s + 3*s = -3*w - 20, 0 = t*s + 4*w + 25. Let l be (-3 - -2)/((2/4)/s). Calculate k(l).
-11
Suppose -2*a - 2*b + 838 = -0*a, 5*b = -5. Let l be (2/(-4))/(3/a*10). Let d(c) = 2 - c**3 - c + 2*c - c**2 - 6*c**2. Determine d(l).
-5
Let m(j) = 6*j + 2. Let q be (5/9)/(224/2016). Determine m(q).
32
Let h(b) = -486 + 17*b**2 + 78 + 79 - b + 328. Let m be (-2)/8 + (-3)/4. Give h(m).
17
Suppose 0 = 32*t + 56*t. Let z(i) be the second derivative of -1/20*i**5 + 5/2*i**2 + 0*i**3 - 16*i + t + 1/12*i**4. Give z(0).
5
Suppose 0 = 60*k - 61*k + 6. Let c(o) = -o**2 - 2*o + 20. Let s be c(0). Let g(n) = n**2 - s*n + 15*n + 0*n**2 - 3. What is g(k)?
3
Let j(m) = m**2 + 7*m + 2. Let w be (323/(-38))/(1/4). Let u = -57 - w. Let l = u - 